llions digit of 44527106?
4
What is the hundreds digit of 224304107?
1
What is the billions digit of 1254290935?
1
What is the ten millions digit of 1297216137?
9
What is the hundred thousands digit of 300776716?
7
What is the hundred thousands digit of 5529309383?
3
What is the hundred millions digit of 207762256?
2
What is the tens digit of 22381680?
8
What is the hundred millions digit of 103985281?
1
What is the hundred thousands digit of 241854929?
8
What is the hundreds digit of 7502299823?
8
What is the tens digit of 26634099?
9
What is the thousands digit of 1784291983?
1
What is the millions digit of 901372623?
1
What is the ten millions digit of 49572542?
4
What is the tens digit of 142496987?
8
What is the ten thousands digit of 18918478?
1
What is the billions digit of 1675304723?
1
What is the ten millions digit of 55722485?
5
What is the thousands digit of 136623801?
3
What is the units digit of 2430113848?
8
What is the ten thousands digit of 3055317991?
1
What is the ten millions digit of 433751896?
3
What is the millions digit of 34278051?
4
What is the thousands digit of 267750848?
0
What is the hundreds digit of 70031444?
4
What is the tens digit of 141273643?
4
What is the hundreds digit of 87347932?
9
What is the hundreds digit of 316538928?
9
What is the ten thousands digit of 155064759?
6
What is the hundred millions digit of 5766832819?
7
What is the thousands digit of 180477625?
7
What is the hundred thousands digit of 67383880?
3
What is the thousands digit of 73759899?
9
What is the hundred thousands digit of 285584974?
5
What is the units digit of 785623762?
2
What is the hundreds digit of 379463738?
7
What is the ten thousands digit of 77356824?
5
What is the thousands digit of 210577337?
7
What is the hundreds digit of 9760328698?
6
What is the ten thousands digit of 2094484763?
8
What is the hundreds digit of 3883252108?
1
What is the thousands digit of 1828350344?
0
What is the tens digit of 124591515?
1
What is the hundred thousands digit of 495556757?
5
What is the millions digit of 60095358?
0
What is the hundred thousands digit of 578891654?
8
What is the hundred millions digit of 3255964741?
2
What is the ten thousands digit of 113430962?
3
What is the hundreds digit of 2412985454?
4
What is the hundreds digit of 38968791?
7
What is the hundreds digit of 3438551678?
6
What is the ten thousands digit of 40475310?
7
What is the thousands digit of 535174729?
4
What is the ten millions digit of 338138911?
3
What is the millions digit of 1566701903?
6
What is the millions digit of 2911685633?
1
What is the thousands digit of 3063755861?
5
What is the tens digit of 1236790999?
9
What is the ten millions digit of 343558921?
4
What is the hundreds digit of 562815103?
1
What is the thousands digit of 5015317755?
7
What is the ten thousands digit of 268542111?
4
What is the hundreds digit of 31431375?
3
What is the ten thousands digit of 1912888146?
8
What is the ten thousands digit of 179797064?
9
What is the hundred thousands digit of 591375?
5
What is the ten millions digit of 67796614?
6
What is the ten millions digit of 1351438846?
5
What is the hundred thousands digit of 1028059427?
0
What is the thousands digit of 3197793351?
3
What is the units digit of 31838413?
3
What is the tens digit of 3097789699?
9
What is the thousands digit of 56501354?
1
What is the hundred thousands digit of 1391390065?
3
What is the thousands digit of 22600600?
0
What is the tens digit of 36311032?
3
What is the thousands digit of 106641610?
1
What is the units digit of 207652639?
9
What is the ten thousands digit of 36649384?
4
What is the ten thousands digit of 595062252?
6
What is the billions digit of 2081582689?
2
What is the units digit of 79634857?
7
What is the millions digit of 722153540?
2
What is the tens digit of 84303827?
2
What is the units digit of 30536845?
5
What is the ten millions digit of 139577349?
3
What is the units digit of 968272289?
9
What is the hundred thousands digit of 814801589?
8
What is the units digit of 805844729?
9
What is the units digit of 502962477?
7
What is the thousands digit of 1014428446?
8
What is the tens digit of 23200627?
2
What is the hundred thousands digit of 150941697?
9
What is the millions digit of 147320422?
7
What is the hundreds digit of 932173006?
0
What is the units digit of 19867459?
9
What is the tens digit of 125400485?
8
What is the hundreds digit of 4478769358?
3
What is the millions digit of 2240043123?
0
What is the hundred millions digit of 315064848?
3
What is the ten thousands digit of 15607581?
0
What is the ten millions digit of 17409811?
1
What is the tens digit of 6313999753?
5
What is the hundred millions digit of 3324611083?
3
What is the hundred thousands digit of 56242497?
2
What is the ten thousands digit of 35523388?
2
What is the hundreds digit of 19604612?
6
What is the ten thousands digit of 573891010?
9
What is the tens digit of 21353798?
9
What is the units digit of 67561917?
7
What is the tens digit of 204516499?
9
What is the thousands digit of 197668074?
8
What is the units digit of 2140472059?
9
What is the hundred thousands digit of 33207017?
2
What is the ten millions digit of 21004660?
2
What is the hundred thousands digit of 814697182?
6
What is the billions digit of 4642596285?
4
What is the tens digit of 151421318?
1
What is the units digit of 50045359?
9
What is the units digit of 353702982?
2
What is the units digit of 558140324?
4
What is the units digit of 36878266?
6
What is the units digit of 13050662?
2
What is the ten thousands digit of 1819398251?
9
What is the hundreds digit of 33410431?
4
What is the ten thousands digit of 7008315108?
1
What is the ten thousands digit of 74847389?
4
What is the units digit of 7906069278?
8
What is the thousands digit of 91879628?
9
What is the ten thousands digit of 92934075?
3
What is the units digit of 2460902?
2
What is the thousands digit of 363840742?
0
What is the thousands digit of 746116318?
6
What is the units digit of 1388799?
9
What is the hundred millions digit of 102052215?
1
What is the ten millions digit of 138561911?
3
What is the hundred thousands digit of 150480136?
4
What is the thousands digit of 112263534?
3
What is the units digit of 1249877347?
7
What is the thousands digit of 228417060?
7
What is the hundreds digit of 441774119?
1
What is the ten millions digit of 391580910?
9
What is the tens digit of 2481439619?
1
What is the hundred millions digit of 462369403?
4
What is the thousands digit of 919962549?
2
What is the thousands digit of 241556359?
6
What is the units digit of 1622690446?
6
What is the thousands digit of 1830128930?
8
What is the hundreds digit of 547230598?
5
What is the millions digit of 94660413?
4
What is the hundred millions digit of 1845189004?
8
What is the hundreds digit of 119234274?
2
What is the hundred thousands digit of 6528583?
5
What is the hundred thousands digit of 42608275?
6
What is the hundred thousands digit of 29340311?
3
What is the hundreds digit of 125359774?
7
What is the hundred thousands digit of 725048887?
0
What is the hundred thousands digit of 11357978?
3
What is the tens digit of 457652246?
4
What is the tens digit of 1022107230?
3
What is the tens digit of 2875448202?
0
What is the ten millions digit of 26270800?
2
What is the hundred millions digit of 2257164942?
2
What is the tens digit of 31628813?
1
What is the hundred thousands digit of 392597735?
5
What is the hundred millions digit of 336877814?
3
What is the ten thousands digit of 736961694?
6
What is the tens digit of 2880870958?
5
What is the tens digit of 923345037?
3
What is the hundred millions digit of 355032170?
3
What is the units digit of 189406163?
3
What is the millions digit of 523813197?
3
What is the millions digit of 6376062554?
6
What is the ten thousands digit of 127441514?
4
What is the hundred millions digit of 263079582?
2
What is the hundreds digit of 197830626?
6
What is the millions digit of 33998201?
3
What is the hundreds digit of 243937192?
1
What is the hundreds digit of 111254742?
7
What is the units digit of 158937152?
2
What is the thousands digit of 243841068?
1
What is the units digit of 100289520?
0
What is the ten millions 